mposite number?
False
Suppose 64*a - 2 = 65*a. Is (-26*a/4)/(2/178) a prime number?
False
Suppose 5*g = -3*q + 2, -2*g = -2*q + 3*g + 43. Suppose -2*m + q = m. Suppose -m*n + 5*n = 206. Is n a composite number?
False
Let n be (-2)/7 - 114/42. Let d(z) = -z**2 - 6*z - 5. Let b be d(n). Is 1003/b - (-20)/80 prime?
True
Let a(y) = 301*y**2 + 2*y + 269. Is a(20) prime?
True
Let u = 11315 - 6484. Is u a prime number?
True
Let v be 3/((3/3)/(-1)). Let t = v + 3. Suppose b - 3*b + 134 = t. Is b composite?
False
Let b = -14 + 60. Is b a prime number?
False
Let l = 4344 - 999. Suppose -9*v + l = -6*v. Is v prime?
False
Suppose 20*m - 34*m = -45514. Is m composite?
False
Suppose 0 = 3*d - k - 14, d + 22 = -0*k - 5*k. Suppose 3*b + 5 = -7*r + 5*r, 0 = -5*r - 4*b - 2. Suppose d*f = 5*s + 47, 2*f - 32 = -r*s + 10. Is f composite?
False
Let b = 10 - 5. Is (-3)/b - (-34164)/90 composite?
False
Let a(m) = -2*m**3 + 14*m**2 + 16*m + 21. Is a(-11) a composite number?
False
Let r(k) = -6*k**3 - 5*k**2 + k + 11. Let z(s) = s**3 - s**2 - s - 1. Let q(i) = -r(i) - 5*z(i). Let g = 0 - 7. Is q(g) prime?
True
Let q(n) = -5*n - 9. Let d be q(6). Is 1048/5 - d/(-65) prime?
False
Let b = 3108 + 2329. Is b composite?
False
Let c be ((-36)/(-44) - 4/(-22))*1105. Suppose -3*x - 2*x = -c. Is x a prime number?
False
Let u(c) = c**3 + 6*c**2 + 5*c + 13. Let l be u(-4). Let s = 122 - l. Is s a composite number?
False
Let d(u) = u**2 - 5*u - 8. Let a be d(6). Let i be (-3)/a - (-33)/2. Let y = i - -31. Is y a composite number?
True
Let h = 3025 + -876. Is h prime?
False
Let h be ((-2)/4)/(33/(-257862)). Let f = -2364 + h. Is f prime?
True
Let x(c) = 919*c**3 - c**2 + c + 1. Let v be x(-1). Let k = 1324 - 2951. Let p = v - k. Is p prime?
False
Let s = -94 + 94. Suppose 0 = -5*n - 4*w + 561, -4*n = -s*n + w - 451. Is n prime?
True
Suppose -9*r - 30621 + 98184 = 0. Is r prime?
True
Let i(g) = -23*g**2 - g + 1. Let q be i(1). Let c = q - -32. Is (-8)/12 + 8583/c a composite number?
False
Let c = -555 + 15704. Is c composite?
False
Let t = -150 - -157. Let i(u) = 20*u**3 + 6*u**2 + 26*u + 7. Is i(t) a composite number?
True
Let u = 5952 + -3557. Is u a prime number?
False
Let d = 5144 - 1737. Is d prime?
True
Let p = -21 - -10. Let u(d) = -d - 9. Let h be u(p). Is 6*74/8*h composite?
True
Suppose 8 = 8*c - 4*c. Suppose -2*h - c*m + 16 = -0*h, 20 = h + 4*m. Suppose 0*r + 483 = 3*n - 2*r, -n = h*r - 175. Is n a prime number?
True
Let i = 55 - 18. Suppose -2*d - 14 = -s + i, 3*d + 214 = 4*s. Is s composite?
True
Let h(b) = 2*b**2 - 12*b - 51. Is h(22) composite?
False
Let c(p) = -4*p**3 + p**2 + p + 1. Let b = -1 - 0. Let a be c(b). Suppose -3*t = -a*o - 221, 2*t - o = 58 + 80. Is t a composite number?
False
Let r = 36 + -36. Suppose r = 159*z - 162*z + 3657. Is z a composite number?
True
Suppose 2*c + 3*n - 12 = -n, -n - 1 = 0. Suppose 6*t - c = 4*t. Is (-2)/(-1) - t - -919 prime?
False
Let l be 4 + -7 + (-4176)/(-4). Suppose l = 3*w - 1041. Is w a prime number?
False
Let r(s) = 11358*s**2 - 3*s - 2. Let b be r(-1). Suppose p - 3801 = -4*w, 3*p + w - b = -0*p. Is p composite?
True
Let z(b) = -1654*b**3 + 2*b + 3. Let g = -20 - -19. Is z(g) composite?
True
Let m(s) = 1867*s**3 - s**2 + 708 + s - 708. Is m(1) a prime number?
True
Suppose 5*o = -10693 + 40598. Is o composite?
False
Is 6 + (4 - 8) - -21 a composite number?
False
Let g be (2 - 4/(12/3))*-9. Let f(h) = -75*h - 22. Is f(g) composite?
False
Suppose 6*f - 3389 + 431 = 0. Is f a prime number?
False
Let o = -28 - -29. Let x(p) = 4*p**3 + 2*p**2 - 2*p + 1. Let w be x(o). Suppose 0*c + 4*c + 2*k = 1166, -w*k = 15. Is c composite?
False
Suppose 3*b - 2*b - 24 = 0. Let n = b + -26. Is -4 + n + 121 + 0 prime?
False
Let h(a) = -2*a**3 - 8*a**2 - 11*a - 16. Suppose -2*w = -0*w - 2*o + 30, 5*w - 2*o = -63. Is h(w) prime?
False
Let w = 1 + -44. Let m = -14 + 4. Let g = m - w. Is g a composite number?
True
Let c(w) = 78*w**2 - w + 4. Is c(5) a composite number?
False
Let p be (-6)/(-10) + (-64)/(-10). Let m(b) = -b**3 + 10*b**2 - 2*b - 6. Is m(p) composite?
False
Let l be -2*(-7)/((-28)/6). Let h be (390/(-4))/(l/6). Suppose h - 852 = -3*p + 3*f, p - 243 = -5*f. Is p prime?
True
Suppose h + 5*x - 5284 = 0, 4*x - 5 - 7 = 0. Is h a prime number?
False
Let a(r) = -63*r - 15*r - 28*r. Let f be a(-1). Suppose 146 = 2*n - 2*x - f, -3*x = 3*n - 384. Is n a prime number?
True
Suppose d - 794 = 4*g + 2453, -3248 = -d + 3*g. Is d composite?
False
Let w = -7811 + 26150. Is w a prime number?
False
Let b = -5000 + 7086. Let o = 1 + 3. Suppose -5*w = 3*v - b, o*w = -w + 5*v + 2110. Is w a prime number?
True
Suppose -4*c = -2*c + 3726. Let o = 27 + -25. Is o/7 - c/21 prime?
True
Is 4 - 6/4*(-279804)/18 prime?
True
Let y = 4201 + -2857. Suppose -8*k = -y - 1192. Is k a composite number?
False
Let l = 188 - 94. Suppose 4*q - 438 = l. Is q a prime number?
False
Let d = 2129 + 395. Is d/6*48/32 a composite number?
False
Let g = 697 - 332. Suppose -v + 246 = -g. Is v prime?
False
Suppose -5*u + 11*q + 114105 = 6*q, -3*q - 45646 = -2*u. Is u composite?
False
Let w = 15376 - 7125. Is w composite?
True
Let y be (2 + 3/(-2))*22. Let b be (2/10)/(y/55). Is (0 + 67/1)*b prime?
True
Suppose -5*c + 38 = 3*x, 3*x + 2*x + 3*c = 42. Let z(n) = 19*n**2 - 2*n + 1. Is z(x) a composite number?
False
Suppose -671 - 369 = -2*d. Let c be (3/(-9))/((-1)/12). Suppose d = 5*z + 5*s, z - 2*s + c*s - 99 = 0. Is z a prime number?
True
Suppose -i - 12 = -4*w - 28, -3*w + 2*i - 17 = 0. Is 1 + (w - (-881)/1) prime?
False
Let n(v) = -105*v + 58. Is n(-5) a prime number?
False
Suppose 2*v = 3*v - 490. Let r = v - -759. Is r a composite number?
False
Suppose -9114 = -2*k - 2*u, -3*k - 14*u = -12*u - 13673. Is k a composite number?
True
Suppose 4*p - 34576 = 3*i, 4*p + 3*i - 24583 = 9969. Is p prime?
True
Suppose 0 = -6*f + 2*f + 40. Let k be 7/2*9060/f. Suppose 4*d = d + k. Is d a composite number?
True
Suppose -2*t - 2*t + 11252 = 0. Is t prime?
False
Suppose -3*w = -d - 53050, 7*w - d + 53054 = 10*w. Is ((-2)/4)/(4 + (-70738)/w) a prime number?
True
Suppose -11*n + 1812 = -10*n. Suppose -16*s - n = -20*s. Is s a composite number?
True
Let p(g) = -g**2 + 7*g - 8. Let z be p(3). Is 3*(-257)/(-12)*z prime?
True
Suppose 4*q = -2*q. Is (q - 4)/(-2) - -21 prime?
True
Suppose j = 4*x + 8, -x - 6 = j + 1. Let l be (-5 - j) + 458*1. Suppose 1148 = 5*i - l. Is i composite?
True
Suppose -2*f - 4*c + 7286 = -0*c, -18215 = -5*f + 2*c. Is f composite?
False
Let l = -15 - -29. Suppose 5*i + 6*r + 35 = r, 0 = 3*i - 4*r - l. Is 94/4 - (-1)/i a prime number?
True
Let z = -1282 - -4301. Is z a composite number?
False
Let v(y) = -y**2 + 1. Let d be v(-1). Let q be 1 + d + 6 + -4. Let h(k) = 64*k + 13. Is h(q) composite?
True
Let x(o) = -o**3 - 4*o**2 - 3*o - 1. Let m(g) = -g**3 - 3*g**2 + 4*g - 3. Let q be m(-4). Let n be x(q). Is n/5 + (-138)/(-15) a composite number?
True
Let l(z) = -2*z**3 - 5*z**2 + 7*z + 4. Let i be 1/(2*1/4). Suppose 8 = -s + i. Is l(s) a composite number?
True
Suppose 8*w + 5971 = 3*d + 3*w, 4*w + 9943 = 5*d. Is d a composite number?
False
Suppose -66174 = -8*b + 21578. Is b a prime number?
False
Suppose -11*g + 15451 = -5262. Is g prime?
False
Let f(c) be the third derivative of -c**5/10 - c**4/3 - 8*c**3/3 + 7*c**2. Let d(y) = y**2 + y + 1. Let r(k) = -5*d(k) - f(k). Is r(9) a prime number?
False
Let l(t) = 4*t**2 - 5*t - 4. Let m be l(-1). Suppose 5*u = 3*n - 0*u - 7311, 0 = -5*n - m*u + 12185. Is n a composite number?
False
Let y be 3/6 + (-3)/6. Let l be 38 - y/((-2)/(-2)). Suppose -5*q = 3*h - 608, 2*h - 2*q = -l + 470. Is h a prime number?
True
Suppose -88463 = -17*m + 52382. Is m a prime number?
False
Let o(a) = 3*a - 3. Let t(u) = -u + 1. Let v(m) = 2*o(m) + 5*t(m). Let g be v(2). Let y(p) = 308*p**2 - 1. Is y(g) a prime number?
True
Let v = -9 - -13. Let t be ((-625)/(-20))/(1/v). Let r = -40 + t. Is r a composite number?
True
Let o = -4005 - -9550. Is o a composite number?
True
Let d(g) = 180*g + 67. Let f be d(-13). Let y = f + 3214. Is y a prime number?
True
Let x = -13218 + 29779. Is x prime?
True
Let t(w) = -w - 8. Let d be t(-12). Suppose -4*m + y + 2 = 0, -4*m - 2*y = -2*m + d. Suppose 0 = v - m*v - 287. Is v a prime number?
False
Suppose k - 1426 = -263. Is k 